8, 6*l - 4*l = -n*o + 892. List the prime factors of l.
2, 3, 5
Let z(h) = -2*h**3 + 5*h**2 + 14*h - 10. Let o be z(-7). Let u = o - 391. List the prime factors of u.
2, 3
Let f be (10 - -1)/(-1 + 2). List the prime factors of (f/(-3) + 3)*-267.
2, 89
Suppose 99*k = -132*k + 924. Let z = 48 + 14. Suppose 0 = k*r - z - 542. List the prime factors of r.
151
Let o = 29211 + 7799. List the prime factors of o.
2, 5, 3701
Suppose 3*b - f - 4 = 0, 2*b - f = 3 - 0. What are the prime factors of (b + 35)/((-9)/((-108)/8))?
2, 3
Let j = 2 + -8. Suppose 3*d - 5*r - 23 = 5*d, 5*d = 3*r + 20. What are the prime factors of (-271)/(-2) + (d - (-3)/j)?
2, 17
Let w(m) = -145*m + 67. Let s be w(-3). Suppose -5*x + 5*n - 6*n = -s, 2*x - n - 198 = 0. What are the prime factors of x?
2, 5
Suppose -k - 10621 = -11310. List the prime factors of k.
13, 53
Let o = 34 - 39. Let d be (-22)/(1 - (-7)/o). Let a = d + 40. What are the prime factors of a?
5, 19
Let l be 4/26 - 40/(-104)*23. Suppose j = -3, 4*j + 27 = 4*x - l. Suppose -x*y - 3*w = -3*y - 537, -5*y + 5*w = -915. List the prime factors of y.
181
Let c(t) = -2*t + 43. Let o be c(17). Suppose h + o*h = 2070. What are the prime factors of h?
3, 23
Let d be (-4)/(-1) + 1 + -3. Suppose -334*r + 3 = -333*r. Suppose r*f + 32 = -t + d*t, -5*t + 216 = -f. What are the prime factors of t?
2, 11
Let h = -1080 + 3738. What are the prime factors of (1*-2)/((-6)/h)?
2, 443
Suppose -747 = 4*j + 89. Let h be (-8)/14 - 59950/(-175). Let u = h + j. List the prime factors of u.
7, 19
Suppose 0 = -5*p + 2*f - 3 + 45, 22 = p + 3*f. Suppose 2*i - 113 = -c + 10, 0 = 2*i - p. What are the prime factors of c?
113
Let v = 18670 - 12245. Suppose 4*b = -t + 4249, -1122 + v = 5*b + 4*t. List the prime factors of b.
1063
Suppose 0 = -39*z + 34*z + 485. Suppose -4*l + z = -1439. What are the prime factors of l?
2, 3
Let g be 2/(-6) - (4 + (-112)/12). Let w be ((-1)/(-3)*3)/(g/15). Suppose -w*i = 3*f - 87, -4*f + f = 2*i - 59. What are the prime factors of i?
2, 7
Let p(d) be the third derivative of 7*d**4/24 + 7*d**3/6 + 2*d**2 - 10*d. What are the prime factors of p(14)?
3, 5, 7
Suppose 5*s + 4 = a, -3*a - s + 3*s + 12 = 0. Suppose a*v + 0*v = 460. What are the prime factors of v?
5, 23
Suppose 6*i - 3*i = -6*i. Suppose i*l + 308 = 2*l. Let c = 217 - l. What are the prime factors of c?
3, 7
Suppose -y - 131 + 132 = 0. List the prime factors of (y/(-5))/((-7)/1134)*20.
2, 3
Let k(u) = -u**2 - 30*u + 15. Suppose -3*b - 15 = -8*b. Suppose 2*s + 55 - b = 0. What are the prime factors of k(s)?
7, 17
Suppose -2*i + 1 = m + 3, 3*m + 4*i = 0. Let g(w) be the second derivative of 3*w**5/20 - w**4/4 - w**3/6 + 5*w**2/2 - 4*w + 36. List the prime factors of g(m).
5, 29
Let x = -50 + 108. Suppose -x = -3*r - 49. Suppose 0*b + r = 3*b, 5*b + 136 = 3*w. What are the prime factors of w?
47
Suppose 18*q + 1411488 = 112*q + 10*q. List the prime factors of q.
2, 3, 13, 29
Suppose -2*o + 4 = -2*b - 8, 4*b = -2*o + 6. Let y be b/(-4)*-2*2084/(-2). Suppose 511 = 4*z - y. List the prime factors of z.
2, 3, 43
Suppose -123*f + 131*f - 215936 = 0. What are the prime factors of f?
2, 7, 241
Suppose 0 = -2*x + 4*f + 2, 4*f = 9*x - 12*x + 13. Suppose -x*r + y + y = -1313, -5*r = -y - 2179. List the prime factors of r.
3, 5, 29
Let t(w) = 256*w**2 - 114*w - 11. What are the prime factors of t(7)?
5, 2347
List the prime factors of -1*9 + 22/(154/12355).
2, 439
Let i(y) = y**2 - 23*y - 71. Let h be i(26). List the prime factors of 25/(h*(-1)/(-203)).
5, 29
Let g be (4/24*128)/((-2)/(-3)). Suppose 3*t - 107 = -4*h, -4*t + 30 = h - 0*t. Let d = h + g. List the prime factors of d.
2, 29
Suppose 0 = 5*t - 4*n + 10, 21 = 3*t - n + 4*n. Suppose -s + 4*v = -345, 2*v = t*s - v - 710. List the prime factors of s.
19
Let o(c) = 8*c + 15. Let b be o(5). Suppose 0 = 3*m - 15, 5*z + b = -5*m + 7*m. List the prime factors of (-1)/(((-3)/212)/(z/(-6))).
2, 53
Let m(b) = 730*b**3 - 2*b**2 - 81*b + 221. List the prime factors of m(3).
2, 5, 7, 281
Let v(o) = -260 + 8*o**2 - 16*o + 242 + o. What are the prime factors of v(-2)?
2, 11
Suppose -3291 = -104*b + 107*b. List the prime factors of (-12)/(-16) - b/4.
5, 11
Let a be 14/2 - 4/1. Let s be 44/(-3)*a/(-2) - 2. List the prime factors of (45/(-18))/((-2)/s).
5
Let m be (-1390)/(-3) + 11/(-33). Let g = -478 + 155. Let b = m + g. List the prime factors of b.
2, 5, 7
Suppose -2*j = 16 + 10. Let i be 1 + 1/(-3) - 10/(-30). List the prime factors of i*j*1/2*-16.
2, 13
What are the prime factors of 1500096/169 - (-4)/(-13)?
2, 7, 317
Suppose 20911 = 4*f - 3*f + 7912. List the prime factors of f.
3, 7, 619
Suppose 42*x + 561 = -9*x. Let h(d) = -d**3 - 4*d - d**2 - 23 + 12*d - 10*d**2 + 2*d**2. List the prime factors of h(x).
131
Let f(z) = -9*z + 39. Let u be -2*11*(-3 + 21/6). Let x(n) = -17*n + 77. Let a(w) = u*f(w) + 6*x(w). What are the prime factors of a(-14)?
3, 5
Let g be 116/30 + 34/255. What are the prime factors of 7 + (1692/g)/3?
2, 37
What are the prime factors of 339/226 + 5046/4?
3, 421
Let g = 948 - 1486. Let y = g - -1538. List the prime factors of y.
2, 5
Let i be 49 + 2*(2 + -3). Let w(j) = -j**2 - 14*j + 13. Let p be w(-6). Let o = i + p. What are the prime factors of o?
2, 3
Let h = -15923 + 24042. What are the prime factors of h?
23, 353
Let q(n) = -n**3 - 4*n**2 - 11*n - 20. Let g be q(-9). Let b = 826 - g. What are the prime factors of b?
2, 3, 19
Suppose -4*s - 35025 = -18*s + 9*s. What are the prime factors of s?
3, 5, 467
Let b(h) = 3*h + 37. Let t be b(-11). Suppose -t*c = 5*d + c - 2425, 0 = -5*d - c + 2409. List the prime factors of d.
13, 37
Let q = -12 - -17. Suppose 3*m + 16 = 2*m - 5*i, q*i + 52 = 3*m. Suppose -m = -o - 3. What are the prime factors of o?
2, 3
Let n(f) = -f**3 - 38*f**2 + 6*f + 58. What are the prime factors of n(-48)?
2, 5, 2281
Let l(m) = 4027*m**2 - 43*m + 20. List the prime factors of l(3).
2, 7, 29, 89
Let n = 366 + -11. Let l = n + -229. Let q = l - 67. List the prime factors of q.
59
Let i = 4 - -20. Suppose -l + i = 7*l. Suppose -21 = 3*z - 4*h - 352, l*h - 119 = -z. What are the prime factors of z?
113
Suppose 0 = -4*m + s - 3*s + 34, -m - 2*s + 10 = 0. Suppose 0 = -7*h + m*h - 6. What are the prime factors of 9/(-27) + 176/h?
29
Let y be (-5)/(-40) - 92/(-32). Suppose -2*d = -2*n + 1610, -y*n - d + 1607 = -n. What are the prime factors of n?
2, 3, 67
Let k(p) = 3*p**2 - 7*p - 7. Let i be k(-1). Suppose i*y + 5*y = 1400. What are the prime factors of y?
5, 7
Suppose k - 3*k + 5*l = 0, -3*l - 19 = -5*k. Let a = 40 + -35. Suppose 0 = -4*p + a*q + 245, p = -4*q + k*q + 62. What are the prime factors of p?
5, 13
Suppose -3*d = -4*g - 233, 10*d - 14*d = 2*g - 318. Let b be -1 - 6/(-2) - -2. Suppose 396 = 4*y - b*z, -3*y = -4*y - 4*z + d. List the prime factors of y.
5, 19
List the prime factors of (-252)/144*-5300 - (1 + 3).
73, 127
Suppose 5*v - 56255 = 3*y + 115367, y = -5*v + 171626. List the prime factors of v.
5, 1373
Suppose 3*z - 8 - 1 = 0. Suppose 5*s - z*s - 3355 = -5*y, 0 = -3*y + s + 2002. List the prime factors of y.
3, 223
Let n(y) = 640*y + 10894. List the prime factors of n(67).
2, 7, 23, 167
What are the prime factors of 20/((-280)/(-2478))*(0 + (-3639)/(-9))?
59, 1213
Let z = -26 - -25. Let j be z*(-3 - -2)*-25. List the prime factors of (j/(-10))/((-4)/(-72)).
3, 5
Let y = -1019 + 650. Let j = 231 - y. What are the prime factors of j?
2, 3, 5
Suppose -y - g = -2*y + 8, -5*g = -3*y + 30. Suppose -4*x - y*k = -2072, 5*x + 2*k = 7*k + 2545. What are the prime factors of x?
3, 19
Let i(c) be the first derivative of -c**4/8 + 53*c**3/6 + 3*c**2 - c - 1. Let q(h) be the second derivative of i(h). List the prime factors of q(-5).
2, 17
Suppose -20*g + 951 = -19*g. Suppose 114 - g = -9*n. What are the prime factors of n?
3, 31
Suppose 0 = -z - 4*l + 14032, 3*z - 24875 - 17166 = -l. What are the prime factors of z?
2, 31, 113
Let t = -149 + 155. Suppose t*u - 8448 = -390. What are the prime factors of u?
17, 79
Suppose -24987 - 25353 = -4*m - 3*a, 0 = -5*m + 5*a + 62960. What are the prime factors of m?
2, 3, 1049
Let v = 104 - 40. Let b = -62 + v. Suppose 3*m = -i + 61, -5*i - b*m + 272 = 2*m. List the prime factors of i.
2, 13
Let l be 2/(-5) - (-276)/115. Suppose 1052 = 4*